) = -x**3 - 5*x**2 + 6. Let o(h) = -h**3 + 2*h**2 + h + 1. Let s be o(3). What is the units digit of m(s)?
6
Let q(l) = 25*l - 37. What is the tens digit of q(10)?
1
Let l(s) = 2*s + 6. Let q be l(-7). Let y = 8 - q. What is the units digit of y?
6
Let f(n) = n**3 - 3*n**2 + n - 4. What is the units digit of f(4)?
6
Let d(l) = -l**2 + 21*l + 4. What is the units digit of d(20)?
4
Let d = 434 + -89. What is the units digit of d?
5
What is the tens digit of (-1 + -6)/(13/(-429))?
3
Let j be 5*-1*(-4)/(-5). Let k(r) = -2*r - 4. Let h be k(j). Suppose -4 - h = -4*t. What is the units digit of t?
2
What is the tens digit of 60/6 - (-3)/1?
1
Suppose 5*x = x + 16. Suppose -r + 73 = x*t, t - r = -5*r + 22. What is the tens digit of t?
1
Let s(g) = 2*g**3 - 20*g**2 + 2*g + 13. What is the units digit of s(10)?
3
Let c(a) = 20*a + 2. What is the tens digit of c(3)?
6
Suppose 34 = 2*j - 4*h, 2*j + 2 - 38 = 2*h. What is the tens digit of j?
1
Suppose 0 = -2*s + 6*s + u - 81, -5*u = 5*s - 90. What is the units digit of s?
1
Let r be ((-36)/14)/((-6)/28). Let y = r - 7. Suppose -s + y*s = 16. What is the units digit of s?
4
Suppose 4*y = -g + 154, -4*y = -4*g - 2*y + 526. What is the tens digit of g?
3
Suppose -2*k + 2*a - 30 = 0, -2*k - 2*k = -2*a + 70. Let d = k - -54. What is the units digit of d?
4
Let x(g) = g. Let m be x(10). Suppose m*o - 6*o = 220. What is the units digit of o?
5
Let b = 1 - -2. Suppose -2*q + 20 = 2*y, 18 = 5*y + b. Suppose -q - 10 = -2*g - x, -3*g + 5*x + 45 = 0. What is the tens digit of g?
1
Let n = -25 + 18. Let q(h) = -10*h - 2 - 23*h**2 + 22*h**2 - 3. What is the units digit of q(n)?
6
Let l be 75/4 - 2/(-8). Suppose 4*y = y + 15. Suppose 2*i = y + l. What is the tens digit of i?
1
Suppose -5*p - 1 = -16. Let t = 5 - p. Suppose 0 = b, -t*b + 63 = 3*y - 6*b. What is the units digit of y?
1
Let o = 870 - 433. What is the hundreds digit of o?
4
Suppose 5*s - 298 = -53. What is the units digit of s?
9
Let r = -467 + 681. What is the units digit of r?
4
Suppose 4*l - 12 = -a + 12, -a + 3*l = 11. Let t = a - -1. What is the units digit of (2 - 1 - -1) + t?
7
Let v = -61 - -216. What is the hundreds digit of v?
1
Suppose 4*h = -12 - 0, -5*h - 5 = -2*r. Let k = 6 + r. What is the units digit of k?
1
Let r be (-4)/(-10) + (-18)/(-30). Suppose -j + 49 = 4*l, -5*j = -r - 4. What is the tens digit of l?
1
Suppose -3*x + 3*r + 393 = 0, -5*x + 204 + 472 = 2*r. What is the hundreds digit of x?
1
Suppose -3*v + 4*z + 26 = 0, -5*z = 2*v + 12 - 37. Let x = v - 8. What is the units digit of x?
2
Suppose -3*q = -b - 78, 3*q = -2*b - 29 + 116. What is the tens digit of q?
2
Suppose 5*u - 170 = 4*o + 373, -3*u = -3*o - 324. What is the units digit of u?
1
Suppose 0 = -2*c - c - 78. Suppose -2*n + 14 = -58. Let i = n + c. What is the units digit of i?
0
Suppose -15 = -5*x, -4*f = -4*x + 2*x + 26. Let d(o) be the second derivative of o**5/20 + o**4/3 - 7*o**3/6 - 2*o**2 - 3*o. What is the units digit of d(f)?
6
Suppose 2*r + 5*c = 338, r + 4*c = -0*c + 169. What is the tens digit of r?
6
Suppose 16 = 2*g - 0*m + 4*m, -4*g - 3*m + 27 = 0. Suppose 2 = -0*n - n. What is the units digit of n + g - (-2 - -3)?
3
Let k = 60 + -6. What is the units digit of k?
4
Let t = 282 - 62. What is the hundreds digit of t?
2
Let f(v) = -v**2 - 10*v - 16. What is the units digit of f(-7)?
5
Suppose -2*y - 3*s - 18 = -5*y, -2*s - 16 = -3*y. Suppose 8 = 2*d + o, 0 = d + y*o - 9*o + 18. What is the units digit of d?
2
Suppose -44 = -h + 2*x, 156 = 5*h - h + 2*x. Suppose q + 26 = 56. Suppose q = 5*f - h. What is the units digit of f?
4
Let a(c) = c**3 + c - 1. Let h(w) = 4*w**3 + 5*w**2 + 6*w + 1. Let z = 3 + -2. Let n(f) = z*h(f) - 3*a(f). What is the units digit of n(-3)?
3
Let t(w) be the third derivative of w**5/30 + w**3/6 + 3*w**2. What is the units digit of t(-1)?
3
Let r = 484 + -337. Suppose -6*f + 2*l = -f - 214, 0 = -3*f - 5*l + r. What is the units digit of f?
4
Let h(p) = p - 2. Let j be h(0). What is the tens digit of (4/j)/((-3)/42)?
2
Let w(v) = -7*v - 5 + 0*v - 6*v. Let s be w(-4). Let k = 69 - s. What is the tens digit of k?
2
Let f(m) be the first derivative of m**5/10 - m**4/12 + m**3/6 + m**2/2 + 2. Let b(v) be the second derivative of f(v). What is the units digit of b(1)?
5
Let w = 29 - 17. Let q = w + 1. What is the units digit of q?
3
Suppose 6*t - 35 = t. Let k(n) = 2*n - 12. What is the units digit of k(t)?
2
Let b be ((-2)/4)/((-1)/2). Let y(m) be the second derivative of m**4/4 + m**2/2 + 2*m. What is the units digit of y(b)?
4
Suppose -9*t = -5*t - 432. What is the tens digit of t?
0
Let n be (-1 - -2)*(66 - 5). Let s = -32 + n. What is the units digit of s?
9
Suppose -5*o - i + 244 = 0, -o - 3*i + 60 = -0*o. Suppose -5*q + 3*g + 102 = -g, 2*q + 2*g - o = 0. What is the units digit of q?
2
Suppose -11 = 4*x - 63. What is the tens digit of x?
1
What is the hundreds digit of (-6)/(-45) - ((-1543)/15 - 4)?
1
Suppose t + 2*t = 126. Suppose 4*x - t = x. Suppose 2*w - 44 = 4*a, -x = -2*w + a - 3*a. What is the units digit of w?
2
Suppose 2*a = t - 2*a - 70, 133 = 2*t - a. What is the units digit of t?
6
Suppose -5*v = -4*v - 2. Suppose 0 = 5*r - 77 + v. What is the tens digit of r?
1
Let r(o) be the third derivative of o**6/120 - o**5/12 - 5*o**4/24 - o**3/6 - 3*o**2. What is the units digit of r(6)?
5
Suppose -5*o - 4*k + 1883 = 0, -19 = 4*k - 7. What is the units digit of o?
9
Let d(n) = n**2 - 4*n - 4. Let j be d(5). Suppose 0 = 2*f - j - 7. What is the units digit of f?
4
What is the units digit of 0/(-3) + -2 + 5?
3
What is the units digit of 19 - (2 + -2 - 3)?
2
Let a be ((-19)/(-2))/(8/16). Suppose 8*c = 9*c - a. What is the tens digit of c?
1
Suppose -5*a + 19 = 4. Suppose 0 = -4*r + 2*x + 66, 2*r - 25 - 10 = a*x. What is the units digit of r?
6
Let a = -287 + 601. What is the units digit of a?
4
Let i(b) = 6*b**2 - 3*b - 3. What is the units digit of i(-2)?
7
Let w(s) = s**2 + 6*s - 1. Let v be w(-6). Suppose -p = -2*a - 3 + 10, 0 = -a - 4*p + 17. Let j = a - v. What is the units digit of j?
6
What is the hundreds digit of (-827)/(-4) - (-2)/8?
2
Let s(o) = -1 - 3 + 3*o**2 - 4*o**2 + 2*o**2 - 5*o. Let k be s(6). Suppose 20 = k*r + 2*r. What is the units digit of r?
5
Let m(g) = g**3 + 2*g**2 - 2*g - 1. Let w be m(-3). Suppose -7 - 2 = 3*d. Let y = d - w. What is the units digit of y?
1
Let m(j) = -j**2 + 8*j - 5. Let t be m(7). Suppose t*l = 5*l - 12. What is the units digit of (21/6)/(2/l)?
7
Suppose -q + 19 = 4*t, 4*t + 4*q = 3*t + 16. Suppose 0 = 3*h + t*i - 42, 5*h + 4*i - 101 = -39. What is the tens digit of h?
1
What is the hundreds digit of 212/(-3)*(-39)/26?
1
Let d = -9 + 42. What is the units digit of d?
3
Let o be 3/(-5) + 27/45. Suppose o = v + 2 - 4. Suppose s - 2*t = v, -s - 4*s + t = -19. What is the units digit of s?
4
Let y be (-1)/(4/(-92) + 0). Suppose 0 = -c + y + 2. What is the units digit of c?
5
What is the units digit of (-4)/(-2) + 103 + 2?
7
What is the hundreds digit of 44/(-77) - (-1418)/7?
2
Let c(h) = h**2 + h + 3. Let s be c(-3). Suppose a + 5 = y + 2, 2*y + 3*a + s = 0. Suppose -3*d + 6*j - 4*j + 32 = y, d = -5*j + 5. What is the tens digit of d?
1
Let b = -8 - -16. What is the units digit of b?
8
Suppose 2 = -2*u + u, -4*m + 3*u + 6 = 0. Suppose 3*j = 57 - m. What is the tens digit of j?
1
What is the hundreds digit of -1 + 8 - -297 - -1*1?
3
Suppose -5*b + 28 = -12. Let l = 10 - 7. Suppose -l*c = c - b. What is the units digit of c?
2
Suppose 0 = -8*y + 6*y + 2. Suppose y - 106 = -3*p. What is the units digit of p?
5
Let p = -16 - -19. Suppose 5*z - 82 = -p*o, -2*z + 4*o = -0*z - 38. What is the units digit of z?
7
Suppose 66 = y + 11. What is the tens digit of y?
5
Let v(f) = 3*f**2. What is the tens digit of v(-6)?
0
Let k(n) = 4*n**2 + 7*n - 4. What is the tens digit of k(4)?
8
Suppose 0 = -5*n + 3*s + 30, 3*n - 4*s = 4*n + 17. Suppose 15 = n*l - 3. What is the units digit of l?
6
Let v = 21 + -14. What is the units digit of v?
7
Let j(b) = 4*b - 4. Let i be j(4). Suppose -4*d + i = 3*w - 15, -4*d + 37 = 5*w. What is the units digit of d?
3
Suppose -o = 4*a - 22, 0 = 3*a + 3*o - o - 14. Let j(i) = -i + 13. What is the units digit of j(a)?
7
Suppose -4*y + 12 + 6 = -2*j, -4*y = j - 3. Suppose -3 = -3